 a(w) = -w**3 + 68*w**2 - 163*w + 2273. Give a(66).
227
Let m(w) = w**3 + 142*w**2 + 2557*w + 409697. Determine m(-144).
17
Let p(j) = j**3 + 777*j**2 + 6866*j - 411. Calculate p(-9).
3
Let r(c) = -1303*c + 25780. Calculate r(20).
-280
Let l(y) = -2*y**2 - 76*y - 606. What is l(-30)?
-126
Let h(y) = 18*y**2 - 383*y - 25. Calculate h(21).
-130
Let g(o) = -191*o - 6286. Calculate g(-29).
-747
Let b(l) = 10*l**3 - 608*l**2 - 738*l - 485. Calculate b(62).
-113
Let l(w) = 3*w**3 - 6*w**2 - 522*w + 4632. Determine l(9).
1635
Let u(d) = 3*d**2 - 261*d + 7277. Determine u(69).
3551
Let k(b) = -997*b - 24912. Give k(-25).
13
Let c(d) = 64*d**2 + 35946*d - 12353. Calculate c(-562).
11
Let v(w) = 112*w + 9678. Determine v(-82).
494
Let p(y) = 2996*y - 233699. Determine p(78).
-11
Let q(g) = -g**3 + 6*g**2 - 626*g - 8241. Calculate q(-13).
3108
Let y(i) = -3*i**2 + 1824*i - 35258. What is y(20)?
22
Let y(o) = -23178*o + 1877420. Determine y(81).
2
Let f(q) = q**2 - 315*q + 17191. Determine f(76).
-973
Let p(q) = 203*q - 50022. Determine p(248).
322
Let o(m) = -21*m**2 + 456*m + 132. Give o(22).
0
Let z(v) = 81*v**2 + 87*v + 244. Calculate z(-6).
2638
Let x(o) = o**3 - 591*o**2 + 4400*o + 153905. What is x(583)?
-7
Let o(v) = 670*v**2 + 40194*v - 305. Calculate o(-60).
55
Let i(m) = 2*m**2 + 298*m + 3084. Give i(-138).
48
Let h(z) = -58993*z - 1002872. Determine h(-17).
9
Let u(s) = -11317*s - 418576. Calculate u(-37).
153
Let z(t) = 68*t**2 - 77*t + 29. What is z(2)?
147
Let n(g) = 416*g**2 - 52832*g - 321. Give n(127).
-321
Let p(g) = -4979*g - 49772. What is p(-10)?
18
Let n(z) = -z**3 - 41*z**2 - 160*z + 5885. Give n(-27).
-1
Let h(y) = -2*y**3 - 110*y**2 + 291*y + 16302. Give h(-55).
297
Let d(t) = 94*t**2 + 1781*t - 23. What is d(-19)?
72
Let p(q) = 7*q**2 - 991*q - 7792. Determine p(-8).
584
Let q(y) = 768722*y - 12299546. Determine q(16).
6
Let l(b) = -b**3 + 5*b**2 + 216*b + 1858. Determine l(-8).
962
Let f(k) = 2136*k - 12050. Give f(6).
766
Let c(i) = 3*i**2 - 151*i - 1764. Determine c(-10).
46
Let v(r) = 964*r + 630459. What is v(-654)?
3
Let f(p) = 21612*p + 151262. Determine f(-7).
-22
Let t(z) = -z**2 - 85699*z - 1456597. Give t(-17).
-3
Let y(o) = -6632*o - 99062. Calculate y(-15).
418
Let p(v) = -418*v - 2215. What is p(-5)?
-125
Let x(f) = -f**3 + 20*f**2 - 277*f + 3024. What is x(15)?
-6
Let f(a) = -448174*a - 11204344. Determine f(-25).
6
Let k(p) = -452*p - 25169. What is k(-57)?
595
Let i(h) = 100568*h + 502835. Calculate i(-5).
-5
Let u(x) = -1459*x + 9883. Determine u(8).
-1789
Let k(h) = 2*h**3 + 186*h**2 - 935*h - 15408. What is k(-97)?
15
Let c(q) = 5*q**3 + 160*q**2 - 135*q - 4330. What is c(-32)?
-10
Let d(k) = -475*k**2 + 555*k - 1. What is d(2)?
-791
Let r(z) = 2*z**2 - 349*z + 2735. Give r(167).
230
Let d(i) = 3*i**2 + 758*i - 182869. What is d(151)?
-8
Let k(s) = -s**3 - 120*s**2 - 225*s + 435. Determine k(-118).
-863
Let a(r) = 35532*r - 5329838. Give a(150).
-38
Let r(q) = 2*q**3 + 4*q**2 + 10*q + 279. What is r(0)?
279
Let h(f) = -f**3 - 19*f**2 - 72*f + 76. What is h(-12)?
-68
Let h(j) = -514*j**2 + 189671*j - 1782. Calculate h(369).
63
Let k(z) = 2*z**2 + 409*z + 8471. Give k(-181).
-36
Let v(i) = -44*i**2 + 653*i + 214. Determine v(15).
109
Let c(h) = 200*h + 25780. Give c(-104).
4980
Let a(y) = -5*y**2 - 117*y - 149. Determine a(-20).
191
Let v(x) = 50781*x + 304676. What is v(-6)?
-10
Let f(d) = -39*d**2 + 837*d - 1846. Determine f(19).
-22
Let k(q) = -q**3 - 160*q**2 - 1638*q + 572. What is k(-149)?
423
Let g(l) = -l**2 - 10235*l + 721356. What is g(70)?
6
Let k(t) = t**3 - 8*t**2 + 880*t - 3547. Calculate k(4).
-91
Let a(o) = 159341*o - 5736305. Determine a(36).
-29
Let v(m) = 90*m**2 - 1987*m + 449. What is v(22)?
295
Let h(q) = -q**3 + 28*q**2 + 11904*q + 8. What is h(-96)?
8
Let r(b) = 8*b**3 - 1085*b**2 - 3827*b + 10293. Give r(139).
7
Let b(r) = 349*r - 13947. Determine b(39).
-336
Let c(x) = 117*x - 2446. Calculate c(8).
-1510
Let l(j) = -j**3 + 51*j**2 + 3907*j - 199276. Calculate l(51).
-19
Let n(f) = 4*f**2 + 926*f - 4803. Determine n(-236).
-555
Let w(j) = -2*j**3 - 133*j**2 - 81*j - 1723. Determine w(-66).
-733
Let t(j) = -2*j**2 - 6067*j - 60480. Determine t(-10).
-10
Let j(a) = 20*a**3 + 75*a**2 - 7*a + 53. Give j(-4).
1
Let u(j) = 5113*j - 6854. Give u(2).
3372
Let a(d) = -9639*d + 703634. Give a(73).
-13
Let z(s) = s**3 + 7*s**2 - 3123*s - 15626. Give z(-5).
39
Let r(u) = 59*u**3 - 13*u**2 - 112*u + 4. What is r(-5)?
-7136
Let j(r) = r**3 - 681*r**2 + 72882*r + 1103. Calculate j(548).
7
Let l(q) = -q**3 - 69*q**2 - 119*q - 3586. Determine l(-68).
-118
Let g(j) = -293*j**2 + 5853*j + 74. Give g(20).
-66
Let k(y) = -139*y + 3462. Determine k(19).
821
Let q(p) = -4455*p - 4555. Give q(-1).
-100
Let q(s) = 345*s + 20998. Calculate q(-62).
-392
Let w(p) = -p**3 - 21*p**2 + 889*p + 253. Give w(-42).
-41
Let i(a) = a**2 - 4344*a + 34689. Give i(8).
1
Let i(f) = 98576*f + 9956179. Calculate i(-101).
3
Let k(x) = 3*x**2 - 478*x + 8444. Determine k(135).
-1411
Let q(b) = b**3 - 13*b**2 + 3478*b - 68252. What is q(19)?
-4
Let z(d) = -56550*d + 452388. Give z(8).
-12
Let g(x) = 2009*x**2 - 269*x + 57. Give g(1).
1797
Let n(h) = 487*h - 185474. Give n(381).
73
Let u(q) = q**2 + 295538*q + 1182132. What is u(-4)?
-4
Let c(o) = -4*o**2 + 86*o + 8. What is c(5)?
338
Let i(q) = -1206*q + 40526. Calculate i(33).
728
Let b(o) = -o**3 + 49*o**2 + 37*o - 3074. Give b(49).
-1261
Let r(j) = 5*j**3 + 653*j**2 - 258*j + 196. What is r(-131)?
-328
Let p(u) = -21*u**2 + 196*u + 1225. Determine p(-5).
-280
Let p(s) = -87985*s + 2815506. What is p(32)?
-14
Let y(i) = i**2 + 209*i + 1421. Give y(-7).
7
Let f(c) = c**3 + 38*c**2 + 277*c - 202. What is f(-11)?
18
Let f(y) = -y**2 - 171*y + 41679. Give f(130).
2549
Let u(w) = w**3 + 122*w**2 + 3623*w - 53. What is u(-51)?
-155
Let h(w) = -w**2 - 480*w - 57119. What is h(-262)?
-3
Let y(a) = 31858*a - 127484. Calculate y(4).
-52
Let h(s) = -s**3 - 37*s**2 - 58*s - 3227. Calculate h(-39).
2077
Let p(t) = 5*t**2 + 134*t - 939. Determine p(7).
244
Let i(p) = -95*p - 7204. Determine i(-77).
111
Let p(y) = -6*y**3 + 27*y**2 + 25*y + 10. Give p(-3).
340
Let o(l) = 224958*l + 450324. What is o(-2)?
408
Let p(i) = -i**3 - 27*i**2 - 53*i + 1937. Calculate p(-19).
56
Let z(x) = 29*x**2 + 204*x - 13. What is z(-11)?
1252
Let g(a) = -1701*a + 13463. Determine g(8).
-145
Let g(d) = -d**2 + 2524*d - 313522. Give g(131).
-39
Let a(b) = -4*b**2 + 978*b - 4353. What is a(240)?
-33
Let c(p) = 51*p**3 + 490*p**2 + 93*p - 45. Determine c(-10).
-2975
Let n(k) = -k**3 + 153*k**2 - 917*k - 7. Give n(6).
-217
Let x(m) = 3700*m + 44224. Determine x(-12).
-176
Let u(z) = z**3 + 32*z**2 + 90*z - 2663. Give u(-23).
28
Let x(a) = -93757*a + 281281. Calculate x(3).
10
Let g(t) = 11*t**3 + 3234*t**2 + 31228*t - 123. Determine g(-10).
-3
Let t(q) = 4*q**3 - 224*q**2 + 221*q + 2. Give t(1).
3
Let x(u) = -u**3 - 19*u**2 - 33*u + 496. Determine x(-14).
-22
Let h(c) = -c**3 + 95*c**2 - 165*c - 1538. Give h(93).
415
Let c(l) = -l**3 + 769*l**2 + 2319*l - 2313. Determine c(772).
3
Let j(l) = -895*l + 4433. Give j(5).
-42
Let m(r) = -770*r + 17666. What is m(12)?
8426
Let w(c) = c**2 + 1956*c + 23327. Determine w(-12).
-1
Let k(m) = m**2 - 898*m - 21200. Calculate k(-23).
-17
Let i(c) = -664702*c - 2658823. Determine i(-4).
-15
Let g(o) = 144*o**2 - 211*o - 842. Calculate g(-4).
2306
Let t(f) = 451248*f + 8122464. What is t(-18)?
0
Let s(x) = -x**3 + 35*x**2 + 19*x - 1842. What is s(8)?
38
Let i(u) = 916363*u + 4581817. Give i(-5).
2
Let r(o) = -6485*o + 8800140. Give r(1357).
-5
Let y(g) = g**3 - 19*g**2 + 59*g + 170. Give y(-2).
-32
Let x(w) = -6607*w + 5178. What is x(1)?
-1429
Let r(m) = -5*m**2 - 2530*m - 24792. Give r(-10).
8
Let c(u) = -5*u**3 - 3*u**2 + 27*u - 38. Calculate c(3).
-119
Let u(n) = -4341611*n - 17366453. Calculate u(-4).
-9
Let q(m) = -801*m**2 + 32842*m - 11. What is q(41)?
30
Let g(m) = 14*m**3 - 257*m**2 - 172*m + 37. Give g(19).
18
Let u(h) = 1973*h + 844373. Give u(-428).
-71
Let c(b) = 4*b**3 - 301*b**2 + 3625*b + 3. Calculate c(15).
153
Let a(k) = k**3 - 99*k**2 + 4328*k - 442751. Give a(100).
49
Let w(l) = 338*l + 410. Calculate w(3).
1424
Let m(l) = -488*l + 8875. What is m(15)?
1555
L